-- http://www.phpmyadmin.net
--




--
-- Database: `spencern_games`
--

use games;
-- --------------------------------------------------------

--
-- Table structure for table `nflp_comments`
--

CREATE TABLE IF NOT EXISTS `nflp_comments` (
  `commentID` int(11) NOT NULL AUTO_INCREMENT,
  `userID` int(11) NOT NULL,
  `subject` varchar(255) DEFAULT NULL,
  `comment` longtext NOT NULL,
  `postDateTime` datetime DEFAULT NULL,
  PRIMARY KEY (`commentID`)
) ENGINE=MyISAM  DEFAULT CHARSET=utf8 AUTO_INCREMENT=4 ;

--
-- Dumping data for table `nflp_comments`
--

INSERT INTO `nflp_comments` (`commentID`, `userID`, `subject`, `comment`, `postDateTime`) VALUES
(3, 10, 'Cowboys', 'The Cowboys-Giants game will be the only game I pick with my heart instead of my head.', '2012-09-05 15:35:46');

-- --------------------------------------------------------

--
-- Table structure for table `nflp_divisions`
--

CREATE TABLE IF NOT EXISTS `nflp_divisions` (
  `divisionID` int(11) NOT NULL AUTO_INCREMENT,
  `conference` varchar(10) NOT NULL,
  `division` varchar(32) NOT NULL,
  PRIMARY KEY (`divisionID`)
) ENGINE=MyISAM  DEFAULT CHARSET=utf8 AUTO_INCREMENT=9 ;

--
-- Dumping data for table `nflp_divisions`
--

INSERT INTO `nflp_divisions` (`divisionID`, `conference`, `division`) VALUES
(1, 'AFC', 'North'),
(2, 'AFC', 'South'),
(3, 'AFC', 'East'),
(4, 'AFC', 'West'),
(5, 'NFC', 'North'),
(6, 'NFC', 'South'),
(7, 'NFC', 'East'),
(8, 'NFC', 'West');

-- --------------------------------------------------------

--
-- Table structure for table `nflp_email_templates`
--

CREATE TABLE IF NOT EXISTS `nflp_email_templates` (
  `email_template_key` varchar(255) NOT NULL,
  `email_template_title` varchar(255) NOT NULL,
  `default_subject` varchar(255) DEFAULT NULL,
  `default_message` text,
  `subject` varchar(255) DEFAULT NULL,
  `message` text,
  PRIMARY KEY (`email_template_key`)
) ENGINE=MyISAM DEFAULT CHARSET=utf8;

--
-- Dumping data for table `nflp_email_templates`
--

INSERT INTO `nflp_email_templates` (`email_template_key`, `email_template_title`, `default_subject`, `default_message`, `subject`, `message`) VALUES
('WEEKLY_PICKS_REMINDER', 'Weekly Picks Reminder', 'NFL Pick ''Em Week {week} Reminder', 'Hello {player},<br /><br />You are receiving this email because you do not yet have all of your picks in for week {week}.&nbsp; This is your reminder.&nbsp; The first game is {first_game} (Eastern), so to receive credit for that game, you''ll have to make your pick before then.<br /><br />Links:<br />&nbsp;- NFL Pick ''Em URL: {site_url}<br />&nbsp;- Help/Rules: {rules_url}<br /><br />Good Luck!<br />', 'NFL Pick ''Em Week {week} Reminder', 'Hello {player},<br /><br />You are receiving this email because you do not yet have all of your picks in for week {week}.&nbsp; This is your reminder.&nbsp; The first game is {first_game} (Eastern), so to receive credit for that game, you''ll have to make your pick before then.<br /><br />Links:<br />&nbsp;- NFL Pick ''Em URL: {site_url}<br />&nbsp;- Help/Rules: {rules_url}<br /><br />Good Luck!<br />'),
('WEEKLY_RESULTS_REMINDER', 'Last Week Results/Reminder', 'NFL Pick ''Em Week {previousWeek} Standings/Reminder', 'Congratulations this week go to {winners} for winning week {previousWeek}.  The winner(s) had {winningScore} out of {possibleScore} picks correct.<br /><br />The current leaders are:<br />{currentLeaders}<br /><br />The most accurate players are:<br />{bestPickRatios}<br /><br />*Reminder* - Please make your picks for week {week} before {first_game} (Eastern).<br /><br />Links:<br />&nbsp;- NFL Pick ''Em URL: {site_url}<br />&nbsp;- Help/Rules: {rules_url}<br /><br />Good Luck!<br />', 'NFL Pick ''Em Week {previousWeek} Standings/Reminder', 'Congratulations this week go to {winners} for winning week {previousWeek}.  The winner(s) had {winningScore} out of {possibleScore} picks correct.<br /><br />The current leaders are:<br />{currentLeaders}<br /><br />The most accurate players are:<br />{bestPickRatios}<br /><br />*Reminder* - Please make your picks for week {week} before {first_game} (Eastern).<br /><br />Links:<br />&nbsp;- NFL Pick ''Em URL: {site_url}<br />&nbsp;- Help/Rules: {rules_url}<br /><br />Good Luck!<br />'),
('FINAL_RESULTS', 'Final Results', 'NFL Pick ''Em 2011 Final Results', 'Congratulations this week go to {winners} for winning week\r\n{previousWeek}. The winner(s) had {winningScore} out of {possibleScore}\r\npicks correct.<br /><br /><span style="font-weight: bold;">Congratulations to {final_winner}</span> for winning NFL Pick ''Em 2011!&nbsp; {final_winner} had {final_winningScore} wins and had a pick ratio of {picks}/{possible} ({pickpercent}%).<br /><br />Top Wins:<br />{currentLeaders}<br /><br />The most accurate players are:<br />{bestPickRatios}<br /><br />Thanks for playing, and I hope to see you all again for NFL Pick ''Em 2012!', 'NFL Pick ''Em 2011 Final Results', 'Congratulations this week go to {winners} for winning week\r\n{previousWeek}. The winner(s) had {winningScore} out of {possibleScore}\r\npicks correct.<br /><br /><span style="font-weight: bold;">Congratulations to {final_winner}</span> for winning NFL Pick ''Em 2011!&nbsp; {final_winner} had {final_winningScore} wins and had a pick ratio of {picks}/{possible} ({pickpercent}%).<br /><br />Top Wins:<br />{currentLeaders}<br /><br />The most accurate players are:<br />{bestPickRatios}<br /><br />Thanks for playing, and I hope to see you all again for NFL Pick ''Em 2012!');

-- --------------------------------------------------------

--
-- Table structure for table `nflp_picks`
--

CREATE TABLE IF NOT EXISTS `nflp_picks` (
  `userID` int(11) NOT NULL,
  `gameID` int(11) NOT NULL,
  `pickID` varchar(10) NOT NULL,
  `points` int(11) NOT NULL DEFAULT '1',
  PRIMARY KEY (`userID`,`gameID`)
) ENGINE=MyISAM DEFAULT CHARSET=utf8;

--
-- Dumping data for table `nflp_picks`
--

INSERT INTO `nflp_picks` (`userID`, `gameID`, `pickID`, `points`) VALUES
(8, 10, 'GB', 1),
(11, 16, 'CHI', 1),
(10, 16, 'CHI', 1),
(12, 1, 'DAL', 1),
(8, 8, 'SD', 1),
(8, 6, 'SEA', 1),
(8, 5, 'BAL', 1),
(8, 4, 'DEN', 1),
(11, 1, 'NYG', 1),
(8, 1, 'NYG', 1),
(8, 2, 'NYJ', 1),
(8, 3, 'TB', 1),
(8, 7, 'ATL', 1),
(8, 9, 'PHI', 1),
(8, 11, 'NE', 1),
(8, 12, 'MIN', 1),
(8, 13, 'HOU', 1),
(8, 14, 'DET', 1),
(8, 15, 'NO', 1),
(8, 16, 'CHI', 1),
(9, 1, 'DAL', 1),
(9, 2, 'NYJ', 1),
(9, 3, 'CAR', 1),
(9, 4, 'DEN', 1),
(9, 5, 'BAL', 1),
(9, 6, 'SEA', 1),
(9, 7, 'ATL', 1),
(9, 8, 'SD', 1),
(9, 9, 'PHI', 1),
(9, 10, 'GB', 1),
(9, 11, 'NE', 1),
(9, 12, 'MIN', 1),
(9, 13, 'HOU', 1),
(9, 14, 'DET', 1),
(9, 15, 'NO', 1),
(9, 16, 'CHI', 1),
(10, 1, 'DAL', 1),
(10, 9, 'PHI', 1),
(11, 9, 'PHI', 1),
(10, 14, 'DET', 1),
(11, 14, 'STL', 1),
(10, 13, 'HOU', 1),
(11, 13, 'HOU', 1),
(10, 7, 'ATL', 1),
(11, 7, 'ATL', 1),
(10, 12, 'MIN', 1),
(11, 12, 'MIN', 1),
(10, 15, 'NO', 1),
(11, 15, 'NO', 1),
(10, 2, 'NYJ', 1),
(11, 2, 'NYJ', 1),
(10, 11, 'NE', 1),
(11, 11, 'NE', 1),
(10, 6, 'ARI', 1),
(11, 6, 'ARI', 1),
(10, 10, 'GB', 1),
(11, 10, 'GB', 1),
(10, 3, 'CAR', 1),
(11, 3, 'CAR', 1),
(10, 4, 'DEN', 1),
(11, 4, 'PIT', 1),
(10, 8, 'SD', 1),
(11, 8, 'OAK', 1),
(10, 5, 'BAL', 1),
(11, 5, 'BAL', 1);

-- --------------------------------------------------------

--
-- Table structure for table `nflp_picksummary`
--

CREATE TABLE IF NOT EXISTS `nflp_picksummary` (
  `weekNum` int(11) NOT NULL DEFAULT '0',
  `userID` int(11) NOT NULL DEFAULT '0',
  `tieBreakerPoints` int(11) NOT NULL,
  `showPicks` tinyint(1) NOT NULL DEFAULT '1',
  PRIMARY KEY (`weekNum`,`userID`)
) ENGINE=MyISAM DEFAULT CHARSET=utf8;

--
-- Dumping data for table `nflp_picksummary`
--

INSERT INTO `nflp_picksummary` (`weekNum`, `userID`, `tieBreakerPoints`, `showPicks`) VALUES
(1, 12, 0, 1),
(1, 8, 0, 0),
(1, 9, 0, 1),
(1, 10, 0, 1);

-- --------------------------------------------------------

--
-- Table structure for table `nflp_schedule`
--

CREATE TABLE IF NOT EXISTS `nflp_schedule` (
  `gameID` int(11) NOT NULL AUTO_INCREMENT,
  `weekNum` int(11) NOT NULL,
  `gameTimeEastern` datetime DEFAULT NULL,
  `homeID` varchar(10) NOT NULL,
  `homeScore` int(11) DEFAULT NULL,
  `visitorID` varchar(10) NOT NULL,
  `visitorScore` int(11) DEFAULT NULL,
  `overtime` tinyint(1) NOT NULL DEFAULT '0',
  PRIMARY KEY (`gameID`),
  KEY `GameID` (`gameID`),
  KEY `HomeID` (`homeID`),
  KEY `VisitorID` (`visitorID`)
) ENGINE=MyISAM  DEFAULT CHARSET=utf8 AUTO_INCREMENT=259 ;

--
-- Dumping data for table `nflp_schedule`
--

INSERT INTO `nflp_schedule` (`gameID`, `weekNum`, `gameTimeEastern`, `homeID`, `homeScore`, `visitorID`, `visitorScore`, `overtime`) VALUES
(1, 1, '2012-09-05 20:30:00', 'NYG', 17, 'DAL', 24, 0),
(2, 1, '2012-09-09 13:00:00', 'NYJ', 48, 'BUF', 28, 0),
(3, 1, '2012-09-09 16:25:00', 'TB', 16, 'CAR', 10, 0),
(4, 1, '2012-09-09 20:20:00', 'DEN', 31, 'PIT', 19, 0),
(5, 1, '2012-09-10 19:00:00', 'BAL', NULL, 'CIN', NULL, 0),
(6, 1, '2012-09-09 16:25:00', 'ARI', 20, 'SEA', 16, 0),
(7, 1, '2012-09-09 13:00:00', 'KC', 24, 'ATL', 40, 0),
(8, 1, '2012-09-10 22:15:00', 'OAK', NULL, 'SD', NULL, 0),
(9, 1, '2012-09-09 13:00:00', 'CLE', 16, 'PHI', 17, 0),
(10, 1, '2012-09-09 16:25:00', 'GB', 22, 'SF', 30, 0),
(11, 1, '2012-09-09 13:00:00', 'TEN', 13, 'NE', 34, 0),
(12, 1, '2012-09-09 13:00:00', 'MIN', 26, 'JAX', 23, 1),
(13, 1, '2012-09-09 13:00:00', 'HOU', 30, 'MIA', 10, 0),
(14, 1, '2012-09-09 13:00:00', 'DET', 27, 'STL', 23, 0),
(15, 1, '2012-09-09 13:00:00', 'NO', 32, 'WAS', 40, 0),
(16, 1, '2012-09-09 13:00:00', 'CHI', 41, 'IND', 21, 0),
(17, 2, '2012-09-16 13:00:00', 'NYG', NULL, 'TB', NULL, 0),
(18, 2, '2012-09-16 16:05:00', 'SEA', NULL, 'DAL', NULL, 0),
(19, 2, '2012-09-16 13:00:00', 'PHI', NULL, 'BAL', NULL, 0),
(20, 2, '2012-09-16 16:25:00', 'SD', NULL, 'TEN', NULL, 0),
(21, 2, '2012-09-16 20:20:00', 'SF', NULL, 'DET', NULL, 0),
(22, 2, '2012-09-16 16:05:00', 'STL', NULL, 'WAS', NULL, 0),
(23, 2, '2012-09-16 13:00:00', 'NE', NULL, 'ARI', NULL, 0),
(24, 2, '2012-09-17 20:30:00', 'ATL', NULL, 'DEN', NULL, 0),
(25, 2, '2012-09-16 13:00:00', 'CIN', NULL, 'CLE', NULL, 0),
(26, 2, '2012-09-13 20:20:00', 'GB', NULL, 'CHI', NULL, 0),
(27, 2, '2012-09-16 13:00:00', 'IND', NULL, 'MIN', NULL, 0),
(28, 2, '2012-09-16 13:00:00', 'CAR', NULL, 'NO', NULL, 0),
(29, 2, '2012-09-16 13:00:00', 'MIA', NULL, 'OAK', NULL, 0),
(30, 2, '2012-09-16 13:00:00', 'BUF', NULL, 'KC', NULL, 0),
(31, 2, '2012-09-16 16:25:00', 'PIT', NULL, 'NYJ', NULL, 0),
(32, 2, '2012-09-16 13:00:00', 'JAX', NULL, 'TEN', NULL, 0),
(33, 3, '2012-09-20 20:20:00', 'CAR', NULL, 'NYG', NULL, 0),
(34, 3, '2012-09-23 13:00:00', 'MIN', NULL, 'SF', NULL, 0),
(35, 3, '2012-09-23 13:00:00', 'ARI', NULL, 'PHI', NULL, 0),
(36, 3, '2012-09-23 16:25:00', 'DEN', NULL, 'HOU', NULL, 0),
(37, 3, '2012-09-23 20:20:00', 'BAL', NULL, 'NE', NULL, 0),
(38, 3, '2012-09-23 16:05:00', 'SD', NULL, 'ATL', NULL, 0),
(39, 3, '2012-09-23 13:00:00', 'NO', NULL, 'KC', NULL, 0),
(40, 3, '2012-09-24 20:30:00', 'SEA', NULL, 'GB', NULL, 0),
(41, 3, '2012-09-23 13:00:00', 'IND', NULL, 'JAX', NULL, 0),
(42, 3, '2012-09-23 13:00:00', 'WAS', NULL, 'CIN', NULL, 0),
(43, 3, '2012-09-23 13:00:00', 'TEN', NULL, 'DET', NULL, 0),
(44, 3, '2012-09-23 13:00:00', 'CHI', NULL, 'STL', NULL, 0),
(45, 3, '2012-09-23 13:00:00', 'MIA', NULL, 'NYJ', NULL, 0),
(46, 3, '2012-09-23 13:00:00', 'CLE', NULL, 'BUF', NULL, 0),
(47, 3, '2012-09-23 16:25:00', 'OAK', NULL, 'PIT', NULL, 0),
(48, 3, '2012-09-23 13:00:00', 'DAL', NULL, 'TB', NULL, 0),
(49, 4, '2012-09-27 20:20:00', 'BAL', NULL, 'CLE', NULL, 0),
(50, 4, '2012-09-30 16:05:00', 'JAX', NULL, 'CIN', NULL, 0),
(51, 4, '2012-09-30 16:25:00', 'TB', NULL, 'WAS', NULL, 0),
(52, 4, '2012-09-30 20:20:00', 'PHI', NULL, 'NYG', NULL, 0),
(53, 4, '2012-10-01 20:30:00', 'DAL', NULL, 'CHI', NULL, 0),
(54, 4, '2012-09-30 16:05:00', 'ARI', NULL, 'MIA', NULL, 0),
(55, 4, '2012-09-30 13:00:00', 'DET', NULL, 'MIN', NULL, 0),
(57, 4, '2012-09-30 13:00:00', 'NYJ', NULL, 'SF', NULL, 0),
(58, 4, '2012-09-30 16:25:00', 'GB', NULL, 'NO', NULL, 0),
(59, 4, '2012-09-30 16:05:00', 'DEN', NULL, 'OAK', NULL, 0),
(60, 4, '2012-09-30 13:00:00', 'KC', NULL, 'SD', NULL, 0),
(61, 4, '2012-09-30 13:00:00', 'ATL', NULL, 'CAR', NULL, 0),
(62, 4, '2012-09-30 13:00:00', 'STL', NULL, 'SEA', NULL, 0),
(63, 4, '2012-09-30 13:00:00', 'HOU', NULL, 'TEN', NULL, 0),
(64, 4, '2012-09-30 13:00:00', 'BUF', NULL, 'NE', NULL, 0),
(65, 5, '2012-10-04 20:20:00', 'STL', NULL, 'ARI', NULL, 0),
(66, 5, '2012-10-07 16:05:00', 'CAR', NULL, 'SEA', NULL, 0),
(67, 5, '2012-10-07 16:25:00', 'MIN', NULL, 'TEN', NULL, 0),
(68, 5, '2012-10-07 16:25:00', 'NE', NULL, 'DEN', NULL, 0),
(69, 5, '2012-10-08 20:30:00', 'NYJ', NULL, 'TEN', NULL, 0),
(70, 5, '2012-10-07 13:00:00', 'KC', NULL, 'BAL', NULL, 0),
(71, 5, '2012-10-07 13:00:00', 'CIN', NULL, 'MIA', NULL, 0),
(72, 5, '2012-10-07 20:20:00', 'NO', NULL, 'SD', NULL, 0),
(73, 5, '2012-10-07 16:25:00', 'NE', NULL, 'DEN', NULL, 0),
(74, 5, '2012-10-07 13:00:00', 'PIT', NULL, 'PHI', NULL, 0),
(75, 5, '2012-10-07 13:00:00', 'NYG', NULL, 'CLE', NULL, 0),
(76, 5, '2012-10-07 16:05:00', 'JAX', NULL, 'CHI', NULL, 0),
(77, 5, '2012-10-07 13:00:00', 'WAS', NULL, 'ATL', NULL, 0),
(78, 6, '2012-10-11 20:20:00', 'TEN', NULL, 'PIT', NULL, 0),
(79, 6, '2012-10-14 13:00:00', 'MIA', NULL, 'STL', NULL, 0),
(80, 6, '2012-10-14 16:05:00', 'ARI', NULL, 'BUF', NULL, 0),
(81, 6, '2012-10-14 16:05:00', 'SEA', NULL, 'NE', NULL, 0),
(82, 6, '2012-10-14 16:25:00', 'SF', NULL, 'NYG', NULL, 0),
(83, 6, '2012-10-14 13:00:00', 'ATL', NULL, 'OAK', NULL, 0),
(84, 6, '2012-10-14 13:00:00', 'CLE', NULL, 'CIN', NULL, 0),
(85, 6, '2012-10-14 20:20:00', 'HOU', NULL, 'GB', NULL, 0),
(86, 6, '2012-10-14 16:25:00', 'WAS', NULL, 'MIN', NULL, 0),
(87, 6, '2012-10-14 13:00:00', 'PHI', NULL, 'DET', NULL, 0),
(88, 6, '2012-10-14 13:00:00', 'TB', NULL, 'KC', NULL, 0),
(89, 6, '2012-10-14 13:00:00', 'BAL', NULL, 'DAL', NULL, 0),
(90, 6, '2012-10-14 13:00:00', 'NYJ', NULL, 'IND', NULL, 0),
(91, 7, '2012-10-18 20:20:00', 'SF', NULL, 'SEA', NULL, 0),
(92, 7, '2012-10-21 20:20:00', 'CIN', NULL, 'PIT', NULL, 0),
(93, 7, '2012-10-21 16:25:00', 'OAK', NULL, 'JAX', NULL, 0),
(94, 7, '2012-10-21 16:25:00', 'NE', NULL, 'NYJ', NULL, 0),
(95, 7, '2012-10-21 13:00:00', 'IND', NULL, 'CLE', NULL, 0),
(96, 7, '2012-10-21 13:00:00', 'BUF', NULL, 'TEN', NULL, 0),
(97, 7, '2012-10-21 13:00:00', 'HOU', NULL, 'BAL', NULL, 0),
(98, 7, '2012-10-21 13:00:00', 'NYG', NULL, 'WAS', NULL, 0),
(99, 7, '2012-10-21 13:00:00', 'STL', NULL, 'GB', NULL, 0),
(100, 7, '2012-10-21 13:00:00', 'TB', NULL, 'NO', NULL, 0),
(101, 7, '2012-10-21 13:00:00', 'CAR', NULL, 'DAL', NULL, 0),
(102, 7, '2012-10-21 13:00:00', 'MIN', NULL, 'ARI', NULL, 0),
(103, 7, '2012-10-22 20:30:00', 'CHI', NULL, 'DET', NULL, 0),
(104, 8, '2012-10-25 20:20:00', 'MIN', NULL, 'TB', NULL, 0),
(105, 8, '2012-10-28 16:25:00', 'DAL', NULL, 'NYG', NULL, 0),
(106, 8, '2012-10-28 16:05:00', 'KC', NULL, 'OAK', NULL, 0),
(107, 8, '2012-10-28 13:00:00', 'CHI', NULL, 'CAR', NULL, 0),
(108, 8, '2012-10-28 13:00:00', 'DET', NULL, 'SEA', NULL, 0),
(109, 8, '2012-10-28 13:00:00', 'PIT', NULL, 'WAS', NULL, 0),
(110, 8, '2012-10-28 13:00:00', 'PHI', NULL, 'ATL', NULL, 0),
(111, 8, '2012-10-28 13:00:00', 'GB', NULL, 'JAX', NULL, 0),
(112, 8, '2012-10-28 13:00:00', 'STL', NULL, 'NE', NULL, 0),
(113, 8, '2012-10-28 13:00:00', 'TEN', NULL, 'IND', NULL, 0),
(114, 8, '2012-10-28 13:00:00', 'CLE', NULL, 'SD', NULL, 0),
(115, 8, '2012-10-28 13:00:00', 'NYJ', NULL, 'MIA', NULL, 0),
(116, 8, '2012-10-28 20:20:00', 'DEN', NULL, 'NO', NULL, 0),
(117, 9, '2012-11-01 20:20:00', 'SD', NULL, 'KC', NULL, 0),
(118, 9, '2012-11-05 20:30:00', 'NO', NULL, 'PHI', NULL, 0),
(119, 9, '2012-11-04 16:25:00', 'NYG', NULL, 'PIT', NULL, 0),
(120, 9, '2012-11-04 16:05:00', 'OAK', NULL, 'TB', NULL, 0),
(121, 9, '2012-11-04 16:05:00', 'SEA', NULL, 'MIN', NULL, 0),
(122, 9, '2012-11-04 13:00:00', 'HOU', NULL, 'BUF', NULL, 0),
(123, 9, '2012-11-04 13:00:00', 'IND', NULL, 'MIA', NULL, 0),
(124, 9, '2012-11-04 13:00:00', 'CLE', NULL, 'BAL', NULL, 0),
(125, 9, '2012-11-04 13:00:00', 'WAS', NULL, 'CAR', NULL, 0),
(126, 9, '2012-11-04 13:00:00', 'CIN', NULL, 'DEN', NULL, 0),
(127, 9, '2012-11-04 13:00:00', 'TEN', NULL, 'CHI', NULL, 0),
(128, 9, '2012-11-04 13:00:00', 'JAX', NULL, 'DET', NULL, 0),
(129, 9, '2012-11-04 13:00:00', 'GB', NULL, 'ARI', NULL, 0),
(130, 9, '2012-11-04 20:20:00', 'ATL', NULL, 'DAL', NULL, 0),
(131, 10, '2012-11-08 20:20:00', 'JAX', NULL, 'IND', NULL, 0),
(133, 10, '2012-11-12 20:30:00', 'PIT', NULL, 'KC', NULL, 0),
(134, 10, '2012-11-11 20:20:00', 'CHI', NULL, 'HOU', NULL, 0),
(135, 10, '2012-11-11 16:25:00', 'SF', NULL, 'STL', NULL, 0),
(136, 10, '2012-11-11 16:25:00', 'PHI', NULL, 'DAL', NULL, 0),
(137, 10, '2012-11-11 16:05:00', 'SEA', NULL, 'NYJ', NULL, 0),
(138, 10, '2012-11-11 13:00:00', 'NO', NULL, 'ATL', NULL, 0),
(139, 10, '2012-11-11 13:00:00', 'MIN', NULL, 'DET', NULL, 0),
(140, 10, '2012-11-11 13:00:00', 'CIN', NULL, 'NYG', NULL, 0),
(141, 10, '2012-11-11 13:00:00', 'CAR', NULL, 'DEN', NULL, 0),
(142, 10, '2012-11-11 13:00:00', 'BAL', NULL, 'OAK', NULL, 0),
(143, 10, '2012-11-11 13:00:00', 'NE', NULL, 'BUF', NULL, 0),
(144, 10, '2012-11-11 13:00:00', 'MIA', NULL, 'TEN', NULL, 0),
(145, 10, '2012-11-11 13:00:00', 'TB', NULL, 'SD', NULL, 0),
(147, 11, '2012-11-15 20:20:00', 'BUF', NULL, 'MIA', NULL, 0),
(148, 11, '2012-11-18 20:20:00', 'PIT', NULL, 'BAL', NULL, 0),
(149, 11, '2012-11-18 16:25:00', 'DEN', NULL, 'SD', NULL, 0),
(150, 11, '2012-11-18 16:05:00', 'KC', NULL, 'NO', NULL, 0),
(151, 11, '2012-11-18 13:00:00', 'NE', NULL, 'IND', NULL, 0),
(152, 11, '2012-11-18 13:00:00', 'HOU', NULL, 'JAX', NULL, 0),
(153, 11, '2012-11-18 13:00:00', 'KC', NULL, 'CIN', NULL, 0),
(154, 11, '2012-11-18 13:00:00', 'STL', NULL, 'NYJ', NULL, 0),
(155, 11, '2012-11-18 13:00:00', 'WAS', NULL, 'PHI', NULL, 0),
(156, 11, '2012-11-18 13:00:00', 'DAL', NULL, 'CLE', NULL, 0),
(157, 11, '2012-11-18 13:00:00', 'CAR', NULL, 'TB', NULL, 0),
(158, 11, '2012-11-18 13:00:00', 'ATL', NULL, 'ARI', NULL, 0),
(159, 11, '2012-11-18 13:00:00', 'DET', NULL, 'GB', NULL, 0),
(160, 11, '2012-11-19 20:30:00', 'SF', NULL, 'CHI', NULL, 0),
(161, 12, '2012-11-22 12:30:00', 'DET', NULL, 'HOU', NULL, 0),
(162, 12, '2012-11-25 20:20:00', 'NYG', NULL, 'GB', NULL, 0),
(163, 12, '2012-11-25 16:25:00', 'NO', NULL, 'SF', NULL, 0),
(164, 12, '2012-11-25 16:25:00', 'ARI', NULL, 'STL', NULL, 0),
(165, 12, '2012-11-25 16:05:00', 'SD', NULL, 'BAL', NULL, 0),
(166, 12, '2012-11-25 13:00:00', 'CHI', NULL, 'MIN', NULL, 0),
(167, 12, '2012-11-25 13:00:00', 'TB', NULL, 'ATL', NULL, 0),
(168, 12, '2012-11-25 13:00:00', 'DEN', NULL, 'SEA', NULL, 0),
(169, 12, '2012-11-25 13:00:00', 'KC', NULL, 'DEN', NULL, 0),
(170, 12, '2012-11-25 13:00:00', 'CIN', NULL, 'OAK', NULL, 0),
(171, 12, '2012-11-25 13:00:00', 'CLE', NULL, 'PIT', NULL, 0),
(172, 12, '2012-11-25 13:00:00', 'IND', NULL, 'BUF', NULL, 0),
(173, 12, '2012-11-25 13:00:00', 'JAX', NULL, 'TEN', NULL, 0),
(174, 12, '2012-11-22 20:20:00', 'NYJ', NULL, 'NE', NULL, 0),
(175, 12, '2012-11-22 16:15:00', 'DAL', NULL, 'WAS', NULL, 0),
(176, 12, '2012-11-26 20:30:00', 'PHI', NULL, 'CAR', NULL, 0),
(177, 13, '2012-11-29 20:20:00', 'ATL', NULL, 'NO', NULL, 0),
(178, 13, '2012-12-02 20:20:00', 'DAL', NULL, 'PHI', NULL, 0),
(179, 13, '2012-12-02 16:25:00', 'OAK', NULL, 'CLE', NULL, 0),
(180, 13, '2012-12-02 16:25:00', 'SD', NULL, 'CIN', NULL, 0),
(181, 13, '2012-12-02 16:25:00', 'BAL', NULL, 'PIT', NULL, 0),
(182, 13, '2012-12-02 16:05:00', 'DEN', NULL, 'TB', NULL, 0),
(183, 13, '2012-12-02 13:00:00', 'NYJ', NULL, 'ARI', NULL, 0),
(184, 13, '2012-12-02 13:00:00', 'STL', NULL, 'SF', NULL, 0),
(185, 13, '2012-12-02 13:00:00', 'GB', NULL, 'MIN', NULL, 0),
(186, 13, '2012-12-02 13:00:00', 'KC', NULL, 'CAR', NULL, 0),
(187, 13, '2012-12-02 13:00:00', 'DET', NULL, 'IND', NULL, 0),
(188, 13, '2012-12-02 13:00:00', 'BUF', NULL, 'JAX', NULL, 0),
(189, 13, '2012-12-02 13:00:00', 'MIA', NULL, 'NE', NULL, 0),
(190, 13, '2012-12-02 13:00:00', 'TEN', NULL, 'HOU', NULL, 0),
(191, 13, '2012-12-02 13:00:00', 'CHI', NULL, 'SEA', NULL, 0),
(192, 13, '2012-12-03 20:30:00', 'WAS', NULL, 'NYG', NULL, 0),
(193, 14, '2012-12-06 20:20:00', 'OAK', NULL, 'DEN', NULL, 0),
(194, 14, '2012-12-09 16:25:00', 'GB', NULL, 'DET', NULL, 0),
(195, 14, '2012-12-10 20:30:00', 'NE', NULL, 'HOU', NULL, 0),
(196, 14, '2012-12-09 16:25:00', 'SEA', NULL, 'ARI', NULL, 0),
(197, 14, '2012-12-09 16:05:00', 'SF', NULL, 'MIA', NULL, 0),
(198, 14, '2012-12-09 13:00:00', 'MIN', NULL, 'CHI', NULL, 0),
(199, 14, '2012-12-09 13:00:00', 'JAX', NULL, 'NYJ', NULL, 0),
(200, 14, '2012-12-09 13:00:00', 'IND', NULL, 'TEN', NULL, 0),
(201, 14, '2012-12-09 13:00:00', 'PIT', NULL, 'SD', NULL, 0),
(202, 14, '2012-12-09 13:00:00', 'CLE', NULL, 'KC', NULL, 0),
(203, 14, '2012-12-09 13:00:00', 'CAR', NULL, 'ATL', NULL, 0),
(204, 14, '2012-12-09 13:00:00', 'TB', NULL, 'PHI', NULL, 0),
(205, 14, '2012-12-09 13:00:00', 'BUF', NULL, 'STL', NULL, 0),
(206, 14, '2012-12-09 13:00:00', 'CIN', NULL, 'DAL', NULL, 0),
(207, 14, '2012-12-09 13:00:00', 'WAS', NULL, 'BAL', NULL, 0),
(209, 15, '2012-12-13 20:20:00', 'PHI', NULL, 'CIN', NULL, 0),
(210, 15, '2012-12-16 20:20:00', 'NE', NULL, 'SF', NULL, 0),
(211, 15, '2012-12-16 16:25:00', 'DAL', NULL, 'PIT', NULL, 0),
(212, 15, '2012-12-16 16:25:00', 'OAK', NULL, 'KC', NULL, 0),
(213, 15, '2012-12-16 16:05:00', 'ARI', NULL, 'DET', NULL, 0),
(214, 15, '2012-12-16 16:05:00', 'SD', NULL, 'CAR', NULL, 0),
(215, 15, '2012-12-16 16:05:00', 'BUF', NULL, 'SEA', NULL, 0),
(216, 15, '2012-12-16 13:00:00', 'ATL', NULL, 'NYG', NULL, 0),
(217, 15, '2012-12-16 13:00:00', 'NO', NULL, 'TB', NULL, 0),
(218, 15, '2012-12-16 13:00:00', 'STL', NULL, 'MIN', NULL, 0),
(219, 15, '2012-12-16 13:00:00', 'CLE', NULL, 'WAS', NULL, 0),
(220, 15, '2012-12-16 13:00:00', 'MIA', NULL, 'JAX', NULL, 0),
(221, 15, '2012-12-16 13:00:00', 'BAL', NULL, 'DEN', NULL, 0),
(222, 15, '2012-12-16 13:00:00', 'HOU', NULL, 'IND', NULL, 0),
(223, 15, '2012-12-16 13:00:00', 'CHI', NULL, 'GB', NULL, 0),
(224, 15, '2012-12-17 20:30:00', 'TEN', NULL, 'NYJ', NULL, 0),
(225, 16, '2012-12-22 20:30:00', 'DET', NULL, 'ATL', NULL, 0),
(226, 16, '2012-12-23 16:25:00', 'SEA', NULL, 'SF', NULL, 0),
(227, 16, '2012-12-23 16:25:00', 'ARI', NULL, 'CHI', NULL, 0),
(228, 16, '2012-12-23 16:05:00', 'DEN', NULL, 'CLE', NULL, 0),
(229, 16, '2012-12-23 13:00:00', 'PHI', NULL, 'WAS', NULL, 0),
(230, 16, '2012-12-23 13:00:00', 'DAL', NULL, 'NO', NULL, 0),
(231, 16, '2012-12-23 13:00:00', 'KC', NULL, 'IND', NULL, 0),
(232, 16, '2012-12-23 13:00:00', 'JAX', NULL, 'NE', NULL, 0),
(233, 16, '2012-12-23 13:00:00', 'PIT', NULL, 'CIN', NULL, 0),
(234, 16, '2012-12-23 13:00:00', 'MIA', NULL, 'BUF', NULL, 0),
(235, 16, '2012-12-23 13:00:00', 'CAR', NULL, 'OAK', NULL, 0),
(236, 16, '2012-12-23 13:00:00', 'TB', NULL, 'STL', NULL, 0),
(237, 16, '2012-12-23 13:00:00', 'BAL', NULL, 'NYG', NULL, 0),
(238, 16, '2012-12-23 13:00:00', 'HOU', NULL, 'MIN', NULL, 0),
(239, 16, '2012-12-23 13:00:00', 'GB', NULL, 'TEN', NULL, 0),
(240, 16, '2012-12-23 20:20:00', 'NYJ', NULL, 'SD', NULL, 0),
(241, 17, '2012-12-30 13:00:00', 'BUF', NULL, 'NYJ', NULL, 0),
(242, 17, '2012-12-30 16:25:00', 'SF', NULL, 'ARI', NULL, 0),
(243, 17, '2012-12-30 16:25:00', 'DEN', NULL, 'KC', NULL, 0),
(244, 17, '2012-12-30 16:25:00', 'SD', NULL, 'OAK', NULL, 0),
(245, 17, '2012-12-30 13:00:00', 'DET', NULL, 'CHI', NULL, 0),
(246, 17, '2012-12-30 13:00:00', 'WAS', NULL, 'DAL', NULL, 0),
(247, 17, '2012-12-30 13:00:00', 'NYG', NULL, 'PHI', NULL, 0),
(248, 17, '2012-12-30 13:00:00', 'TEN', NULL, 'JAX', NULL, 0),
(249, 17, '2012-12-30 13:00:00', 'IND', NULL, 'HOU', NULL, 0),
(250, 17, '2012-12-30 13:00:00', 'PIT', NULL, 'CLE', NULL, 0),
(251, 17, '2012-12-30 13:00:00', 'CIN', NULL, 'BAL', NULL, 0),
(252, 17, '2012-12-30 13:00:00', 'MIN', NULL, 'GB', NULL, 0),
(253, 17, '2012-12-30 13:00:00', 'ATL', NULL, 'TB', NULL, 0),
(254, 17, '2012-12-30 13:00:00', 'NO', NULL, 'CAR', NULL, 0),
(255, 17, '2012-12-30 13:00:00', 'NE', NULL, 'MIA', NULL, 0),
(256, 17, '2012-12-30 16:25:00', 'SEA', NULL, 'STL', NULL, 0),
(257, 6, '2012-10-15 20:30:00', 'SD', NULL, 'DEN', NULL, 0),
(258, 8, '2012-10-29 20:30:00', 'ARI', NULL, 'SF', 0, 0);

-- --------------------------------------------------------

--
-- Table structure for table `nflp_teams`
--

CREATE TABLE IF NOT EXISTS `nflp_teams` (
  `teamID` varchar(10) NOT NULL,
  `divisionID` int(11) NOT NULL,
  `city` varchar(50) DEFAULT NULL,
  `team` varchar(50) DEFAULT NULL,
  `displayName` varchar(50) DEFAULT NULL,
  PRIMARY KEY (`teamID`),
  KEY `ID` (`teamID`)
) ENGINE=MyISAM DEFAULT CHARSET=utf8;

--
-- Dumping data for table `nflp_teams`
--

INSERT INTO `nflp_teams` (`teamID`, `divisionID`, `city`, `team`, `displayName`) VALUES
('ARI', 8, 'Arizona', 'Cardinals', NULL),
('ATL', 6, 'Atlanta', 'Falcons', NULL),
('BAL', 1, 'Baltimore', 'Ravens', NULL),
('BUF', 3, 'Buffalo', 'Bills', NULL),
('CAR', 6, 'Carolina', 'Panthers', NULL),
('CHI', 5, 'Chicago', 'Bears', NULL),
('CIN', 1, 'Cincinnati', 'Bengals', NULL),
('CLE', 1, 'Cleveland', 'Browns', NULL),
('DAL', 7, 'Dallas', 'Cowboys', NULL),
('DEN', 4, 'Denver', 'Broncos', NULL),
('DET', 5, 'Detroit', 'Lions', NULL),
('GB', 5, 'Green Bay', 'Packers', NULL),
('HOU', 2, 'Houston', 'Texans', NULL),
('IND', 2, 'Indianapolis', 'Colts', NULL),
('JAX', 2, 'Jacksonville', 'Jaguars', NULL),
('KC', 4, 'Kansas City', 'Chiefs', NULL),
('MIA', 3, 'Miami', 'Dolphins', NULL),
('MIN', 5, 'Minnesota', 'Vikings', NULL),
('NE', 3, 'New England', 'Patriots', NULL),
('NO', 6, 'New Orleans', 'Saints', NULL),
('NYG', 7, 'New York', 'Giants', 'NY Giants'),
('NYJ', 3, 'New York', 'Jets', 'NY Jets'),
('OAK', 4, 'Oakland', 'Raiders', NULL),
('PHI', 7, 'Philadelphia', 'Eagles', NULL),
('PIT', 1, 'Pittsburgh', 'Steelers', NULL),
('SD', 4, 'San Diego', 'Chargers', NULL),
('SEA', 8, 'Seattle', 'Seahawks', NULL),
('SF', 8, 'San Francisco', '49ers', NULL),
('STL', 8, 'St. Louis', 'Rams', NULL),
('TB', 6, 'Tampa Bay', 'Buccaneers', NULL),
('TEN', 2, 'Tennessee', 'Titans', NULL),
('WAS', 7, 'Washington', 'Redskins', NULL);

